{"id":288,"date":"2013-02-07T11:51:35","date_gmt":"2013-02-07T11:51:35","guid":{"rendered":"http:\/\/www.diegocamacho.es\/?page_id=288"},"modified":"2021-02-21T03:05:44","modified_gmt":"2021-02-21T03:05:44","slug":"metodologia-2","status":"publish","type":"page","link":"https:\/\/www.diegocamacho.es\/?page_id=288","title":{"rendered":"Metodolog\u00eda"},"content":{"rendered":"<p align=\"JUSTIFY\"><strong>\u00a1\u00a1\u00a1COMPITE CONTRA TI MISMO Y PERM\u00cdTETE FALLAR!!!<\/strong><\/p>\n<p align=\"JUSTIFY\">La mayor\u00eda de los entrenadores y preparadores te ofrecen ser mejor que el contrario, te dicen que seas mejor que tu oponente, que tienes que superarles en la competici\u00f3n.<\/p>\n<p align=\"JUSTIFY\">Pero cuando entrenas o compites y vas a controlar un bal\u00f3n, \u00a1eres t\u00fa quien lo controla! no es tu rival quien lo hace. Por ese mismo motivo debes enfocar la mejora hacia ti mismo.<\/p>\n<p align=\"JUSTIFY\">Conmigo T\u00fa ser\u00e1s el centro de tu propio entrenamiento. T\u00fa ser\u00e1s el actor principal de la pel\u00edcula. T\u00fa querr\u00e1s mejorar porque sabes que si lo haces desde dentro podr\u00e1s proyectarlo hacia afuera.<\/p>\n<p align=\"JUSTIFY\">Pero \u00a1tienes que querer hacerlo!<\/p>\n<p align=\"JUSTIFY\"><span style=\"color: #333333;\"><span style=\"font-family: arial, sans-serif;\"><span style=\"font-size: medium;\">Este&nbsp;<\/span><\/span><\/span><span style=\"color: #333333;\"><span style=\"font-family: arial, sans-serif;\"><span style=\"font-size: medium;\">es&nbsp;<\/span><\/span><\/span><span style=\"color: #333333;\"><span style=\"font-family: arial, sans-serif;\"><span style=\"font-size: medium;\">un&nbsp;<\/span><\/span><\/span><span style=\"color: #333333;\"><span style=\"font-family: arial, sans-serif;\"><span style=\"font-size: medium;\">m\u00e9todo&nbsp;<\/span><\/span><\/span><span style=\"color: #333333;\"><span style=\"font-family: arial, sans-serif;\"><span style=\"font-size: medium;\">de&nbsp;<\/span><\/span><\/span><span style=\"color: #333333;\"><span style=\"font-family: arial, sans-serif;\"><span style=\"font-size: medium;\">entrenamiento&nbsp;<\/span><\/span><\/span><span style=\"color: #333333;\"><span style=\"font-family: arial, sans-serif;\"><span style=\"font-size: medium;\">individualizado.&nbsp;<\/span><\/span><\/span><span style=\"color: #333333;\"><span style=\"font-family: arial, sans-serif;\"><span style=\"font-size: medium;\">Por&nbsp;<\/span><\/span><\/span><span style=\"color: #333333;\"><span style=\"font-family: arial, sans-serif;\"><span style=\"font-size: medium;\">lo&nbsp;<\/span><\/span><\/span><span style=\"color: #333333;\"><span style=\"font-family: arial, sans-serif;\"><span style=\"font-size: medium;\">tanto&nbsp;<\/span><\/span><\/span><strong><span style=\"color: #333333;\"><span style=\"font-family: arial, sans-serif;\"><span style=\"font-size: medium;\">T\u00da&nbsp;<\/span><\/span><\/span><span style=\"color: #333333;\"><span style=\"font-family: arial, sans-serif;\"><span style=\"font-size: medium;\">eres&nbsp;<\/span><\/span><\/span><span style=\"color: #333333;\"><span style=\"font-family: arial, sans-serif;\"><span style=\"font-size: medium;\">el<\/span><\/span><\/span><span style=\"color: #333333;\"><span style=\"font-family: arial, sans-serif;\"><span style=\"font-size: medium;\"> pro<\/span><\/span><\/span><\/strong><span style=\"color: #333333;\"><span style=\"font-family: arial, sans-serif;\"><span style=\"font-size: medium;\"><strong>tagonista<\/strong>.&nbsp;<\/span><\/span><\/span><\/p>\n<p align=\"JUSTIFY\"><span style=\"color: #333333;\"><span style=\"font-family: arial, sans-serif;\"><span style=\"font-size: medium;\">En&nbsp;<\/span><\/span><\/span><span style=\"color: #333333;\"><span style=\"font-family: arial, sans-serif;\"><span style=\"font-size: medium;\">esto&nbsp;<\/span><\/span><\/span><span style=\"color: #333333;\"><span style=\"font-family: arial, sans-serif;\"><span style=\"font-size: medium;\">consiste:<\/span><\/span><\/span><\/p>\n<ol>\n<li>\n<p align=\"JUSTIFY\"><span style=\"color: #333333;\"><span style=\"font-family: arial, sans-serif;\"><span style=\"font-size: medium;\">Evaluaci\u00f3n&nbsp;<\/span><\/span><\/span><span style=\"color: #333333;\"><span style=\"font-family: arial, sans-serif;\"><span style=\"font-size: medium;\">Inicial.<\/span><\/span><\/span><\/p>\n<ul>\n<li>\n<p align=\"JUSTIFY\"><span style=\"color: #333333;\"><span style=\"font-family: arial, sans-serif;\"><span style=\"font-size: medium;\">Qu\u00e9 quer\u00e9is conseguir. <\/span><\/span><\/span><\/p>\n<\/li>\n<li>\n<p align=\"JUSTIFY\"><span style=\"color: #333333;\"><span style=\"font-family: arial, sans-serif;\"><span style=\"font-size: medium;\">Qu\u00e9&nbsp;<\/span><\/span><\/span><span style=\"color: #333333;\"><span style=\"font-family: arial, sans-serif;\"><span style=\"font-size: medium;\">quer\u00e9is&nbsp;<\/span><\/span><\/span><span style=\"color: #333333;\"><span style=\"font-family: arial, sans-serif;\"><span style=\"font-size: medium;\">mejorar.<\/span><\/span><\/span><\/p>\n<\/li>\n<li>\n<p align=\"JUSTIFY\"><span style=\"color: #333333;\"><span style=\"font-family: arial, sans-serif;\"><span style=\"font-size: medium;\">Qu\u00e9 deb\u00e9is mejorar. <\/span><\/span><\/span><\/p>\n<\/li>\n<li>\n<p align=\"JUSTIFY\"><span style=\"color: #333333;\"><span style=\"font-family: arial, sans-serif;\"><span style=\"font-size: medium;\">Cu\u00e1nto est\u00e1is dispuestos a exigiros. <\/span><\/span><\/span><\/p>\n<\/li>\n<\/ul>\n<\/li>\n<li>\n<p align=\"JUSTIFY\"><span style=\"color: #333333;\"><span style=\"font-family: arial, sans-serif;\"><span style=\"font-size: medium;\">Ejercicios<\/span><\/span><\/span><span style=\"color: #333333;\"><span style=\"font-family: arial, sans-serif;\"><span style=\"font-size: medium;\"> de gran variedad, muy <\/span><\/span><\/span><span style=\"color: #333333;\"><span style=\"font-family: arial, sans-serif;\"><span style=\"font-size: medium;\">concretos&nbsp;<\/span><\/span><\/span><span style=\"color: #333333;\"><span style=\"font-family: arial, sans-serif;\"><span style=\"font-size: medium;\">y&nbsp;<\/span><\/span><\/span><span style=\"color: #333333;\"><span style=\"font-family: arial, sans-serif;\"><span style=\"font-size: medium;\">muy&nbsp;<\/span><\/span><\/span><span style=\"color: #333333;\"><span style=\"font-family: arial, sans-serif;\"><span style=\"font-size: medium;\">espec\u00edficos.<\/span><\/span><\/span><\/p>\n<ul>\n<li>\n<p align=\"JUSTIFY\"><span style=\"color: #333333;\"><span style=\"font-family: arial, sans-serif;\"><span style=\"font-size: medium;\">E<\/span><\/span><\/span><span style=\"color: #333333;\"><span style=\"font-family: arial, sans-serif;\"><span style=\"font-size: medium;\">nfocados a <\/span><\/span><\/span><span style=\"color: #333333;\"><span style=\"font-family: arial, sans-serif;\"><span style=\"font-size: medium;\">la&nbsp;<\/span><\/span><\/span><span style=\"color: #333333;\"><span style=\"font-family: arial, sans-serif;\"><span style=\"font-size: medium;\">mejora&nbsp;<\/span><\/span><\/span><span style=\"color: #333333;\"><span style=\"font-family: arial, sans-serif;\"><span style=\"font-size: medium;\">individual&nbsp;<\/span><\/span><\/span><span style=\"color: #333333;\"><span style=\"font-family: arial, sans-serif;\"><span style=\"font-size: medium;\">de&nbsp;<\/span><\/span><\/span><span style=\"color: #333333;\"><span style=\"font-family: arial, sans-serif;\"><span style=\"font-size: medium;\">aspectos&nbsp;<\/span><\/span><\/span><span style=\"color: #333333;\"><span style=\"font-family: arial, sans-serif;\"><span style=\"font-size: medium;\">t\u00e1cticos,&nbsp;<\/span><\/span><\/span><span style=\"color: #333333;\"><span style=\"font-family: arial, sans-serif;\"><span style=\"font-size: medium;\">t\u00e9cnicos&nbsp;<\/span><\/span><\/span><span style=\"color: #333333;\"><span style=\"font-family: arial, sans-serif;\"><span style=\"font-size: medium;\">y&nbsp;<\/span><\/span><\/span><span style=\"color: #333333;\"><span style=\"font-family: arial, sans-serif;\"><span style=\"font-size: medium;\">psicol\u00f3gicos&nbsp;<\/span><\/span><\/span><span style=\"color: #333333;\"><span style=\"font-family: arial, sans-serif;\"><span style=\"font-size: medium;\">del <\/span><\/span><\/span><span style=\"color: #333333;\"><span style=\"font-family: arial, sans-serif;\"><span style=\"font-size: medium;\">jugador <\/span><\/span><\/span><span style=\"color: #333333;\"><span style=\"font-family: arial, sans-serif;\"><span style=\"font-size: medium;\">o&nbsp;<\/span><\/span><\/span><span style=\"color: #333333;\"><span style=\"font-family: arial, sans-serif;\"><span style=\"font-size: medium;\">jugadora&nbsp;<\/span><\/span><\/span><span style=\"color: #333333;\"><span style=\"font-family: arial, sans-serif;\"><span style=\"font-size: medium;\">que&nbsp;<\/span><\/span><\/span><span style=\"color: #333333;\"><span style=\"font-family: arial, sans-serif;\"><span style=\"font-size: medium;\">est\u00e9&nbsp;<\/span><\/span><\/span><span style=\"color: #333333;\"><span style=\"font-family: arial, sans-serif;\"><span style=\"font-size: medium;\">entrenando.<\/span><\/span><\/span><\/p>\n<\/li>\n<\/ul>\n<\/li>\n<li>\n<p align=\"JUSTIFY\"><span style=\"color: #333333;\"><span style=\"font-family: arial, sans-serif;\"><span style=\"font-size: medium;\">Del&nbsp;<\/span><\/span><\/span><span style=\"color: #333333;\"><span style=\"font-family: arial, sans-serif;\"><span style=\"font-size: medium;\">m\u00e1s&nbsp;<\/span><\/span><\/span><span style=\"color: #333333;\"><span style=\"font-family: arial, sans-serif;\"><span style=\"font-size: medium;\">sencillo&nbsp;<\/span><\/span><\/span><span style=\"color: #333333;\"><span style=\"font-family: arial, sans-serif;\"><span style=\"font-size: medium;\">al&nbsp;<\/span><\/span><\/span><span style=\"color: #333333;\"><span style=\"font-family: arial, sans-serif;\"><span style=\"font-size: medium;\">m\u00e1s&nbsp;<\/span><\/span><\/span><span style=\"color: #333333;\"><span style=\"font-family: arial, sans-serif;\"><span style=\"font-size: medium;\">complicado.<\/span><\/span><\/span><\/p>\n<ul>\n<li>\n<p align=\"JUSTIFY\"><span style=\"color: #333333;\"><span style=\"font-family: arial, sans-serif;\"><span style=\"font-size: medium;\">Lo&nbsp;<\/span><\/span><\/span><span style=\"color: #333333;\"><span style=\"font-family: arial, sans-serif;\"><span style=\"font-size: medium;\">m\u00e1s&nbsp;<\/span><\/span><\/span><span style=\"color: #333333;\"><span style=\"font-family: arial, sans-serif;\"><span style=\"font-size: medium;\">importante&nbsp;<\/span><\/span><\/span><span style=\"color: #333333;\"><span style=\"font-family: arial, sans-serif;\"><span style=\"font-size: medium;\">es&nbsp;<\/span><\/span><\/span><span style=\"color: #333333;\"><span style=\"font-family: arial, sans-serif;\"><span style=\"font-size: medium;\">que&nbsp;<\/span><\/span><\/span><span style=\"color: #333333;\"><span style=\"font-family: arial, sans-serif;\"><span style=\"font-size: medium;\">se&nbsp;<\/span><\/span><\/span><span style=\"color: #333333;\"><span style=\"font-family: arial, sans-serif;\"><span style=\"font-size: medium;\">adquiera&nbsp;<\/span><\/span><\/span><span style=\"color: #333333;\"><span style=\"font-family: arial, sans-serif;\"><span style=\"font-size: medium;\">confianza&nbsp;<\/span><\/span><\/span><span style=\"color: #333333;\"><span style=\"font-family: arial, sans-serif;\"><span style=\"font-size: medium;\">ejecutando&nbsp;<\/span><\/span><\/span><span style=\"color: #333333;\"><span style=\"font-family: arial, sans-serif;\"><span style=\"font-size: medium;\">los&nbsp;<\/span><\/span><\/span><span style=\"color: #333333;\"><span style=\"font-family: arial, sans-serif;\"><span style=\"font-size: medium;\">ejercicios&nbsp;<\/span><\/span><\/span><span style=\"color: #333333;\"><span style=\"font-family: arial, sans-serif;\"><span style=\"font-size: medium;\">y&nbsp;<\/span><\/span><\/span><span style=\"color: #333333;\"><span style=\"font-family: arial, sans-serif;\"><span style=\"font-size: medium;\">teniendo&nbsp;<\/span><\/span><\/span><span style=\"color: #333333;\"><span style=\"font-family: arial, sans-serif;\"><span style=\"font-size: medium;\">\u00e9xito&nbsp;<\/span><\/span><\/span><span style=\"color: #333333;\"><span style=\"font-family: arial, sans-serif;\"><span style=\"font-size: medium;\">en&nbsp;<\/span><\/span><\/span><span style=\"color: #333333;\"><span style=\"font-family: arial, sans-serif;\"><span style=\"font-size: medium;\">ellos.<\/span><\/span><\/span><\/p>\n<\/li>\n<li>\n<p align=\"JUSTIFY\"><span style=\"color: #333333;\"><span style=\"font-family: arial, sans-serif;\"><span style=\"font-size: medium;\">De&nbsp;<\/span><\/span><\/span><span style=\"color: #333333;\"><span style=\"font-family: arial, sans-serif;\"><span style=\"font-size: medium;\">esta&nbsp;<\/span><\/span><\/span><span style=\"color: #333333;\"><span style=\"font-family: arial, sans-serif;\"><span style=\"font-size: medium;\">forma&nbsp;<\/span><\/span><\/span><span style=\"color: #333333;\"><span style=\"font-family: arial, sans-serif;\"><span style=\"font-size: medium;\">aumentar\u00e1&nbsp;<\/span><\/span><\/span><span style=\"color: #333333;\"><span style=\"font-family: arial, sans-serif;\"><span style=\"font-size: medium;\">vuestra&nbsp;<\/span><\/span><\/span><span style=\"color: #333333;\"><span style=\"font-family: arial, sans-serif;\"><span style=\"font-size: medium;\">confianza&nbsp;<\/span><\/span><\/span><span style=\"color: #333333;\"><span style=\"font-family: arial, sans-serif;\"><span style=\"font-size: medium;\">y&nbsp;<\/span><\/span><\/span><span style=\"color: #333333;\"><span style=\"font-family: arial, sans-serif;\"><span style=\"font-size: medium;\">estar\u00e9is&nbsp;<\/span><\/span><\/span><span style=\"color: #333333;\"><span style=\"font-family: arial, sans-serif;\"><span style=\"font-size: medium;\">en&nbsp;<\/span><\/span><\/span><span style=\"color: #333333;\"><span style=\"font-family: arial, sans-serif;\"><span style=\"font-size: medium;\">disposici\u00f3n&nbsp;<\/span><\/span><\/span><span style=\"color: #333333;\"><span style=\"font-family: arial, sans-serif;\"><span style=\"font-size: medium;\">de&nbsp;<\/span><\/span><\/span><span style=\"color: #333333;\"><span style=\"font-family: arial, sans-serif;\"><span style=\"font-size: medium;\">enfrentaros&nbsp;<\/span><\/span><\/span><span style=\"color: #333333;\"><span style=\"font-family: arial, sans-serif;\"><span style=\"font-size: medium;\">a&nbsp;<\/span><\/span><\/span><span style=\"color: #333333;\"><span style=\"font-family: arial, sans-serif;\"><span style=\"font-size: medium;\">algo&nbsp;<\/span><\/span><\/span><span style=\"color: #333333;\"><span style=\"font-family: arial, sans-serif;\"><span style=\"font-size: medium;\">m\u00e1s&nbsp;<\/span><\/span><\/span><span style=\"color: #333333;\"><span style=\"font-family: arial, sans-serif;\"><span style=\"font-size: medium;\">complicado.<\/span><\/span><\/span><\/p>\n<\/li>\n<\/ul>\n<\/li>\n<\/ol>\n<p align=\"JUSTIFY\"><span style=\"color: #333333;\"><span style=\"font-family: arial, sans-serif;\"><span style=\"font-size: medium;\">As\u00ed de sencillo. Pero recordad que lo m\u00e1s importante en una buena metodolog\u00eda es <strong>querer aprender<\/strong>.<\/span><\/span><\/span><\/p>\n<p align=\"JUSTIFY\"><span style=\"color: #333333;\"><span style=\"font-family: arial, sans-serif;\"><span style=\"font-size: medium;\">Si quieres, puedes.<\/span><\/span><\/span><\/p>\n","protected":false},"excerpt":{"rendered":"<p>\u00a1\u00a1\u00a1COMPITE CONTRA TI MISMO Y PERM\u00cdTETE FALLAR!!! La mayor\u00eda de los entrenadores y preparadores te ofrecen ser mejor que el contrario, te dicen que seas mejor que tu oponente, que tienes que superarles en la competici\u00f3n. Pero cuando entrenas o compites y vas a controlar un bal\u00f3n, \u00a1eres t\u00fa quien lo controla! no es tu [&hellip;]<\/p>\n","protected":false},"author":2,"featured_media":291,"parent":0,"menu_order":0,"comment_status":"closed","ping_status":"closed","template":"","meta":{"footnotes":""},"class_list":["post-288","page","type-page","status-publish","has-post-thumbnail","hentry"],"_links":{"self":[{"href":"https:\/\/www.diegocamacho.es\/index.php?rest_route=\/wp\/v2\/pages\/288","targetHints":{"allow":["GET"]}}],"collection":[{"href":"https:\/\/www.diegocamacho.es\/index.php?rest_route=\/wp\/v2\/pages"}],"about":[{"href":"https:\/\/www.diegocamacho.es\/index.php?rest_route=\/wp\/v2\/types\/page"}],"author":[{"embeddable":true,"href":"https:\/\/www.diegocamacho.es\/index.php?rest_route=\/wp\/v2\/users\/2"}],"replies":[{"embeddable":true,"href":"https:\/\/www.diegocamacho.es\/index.php?rest_route=%2Fwp%2Fv2%2Fcomments&post=288"}],"version-history":[{"count":6,"href":"https:\/\/www.diegocamacho.es\/index.php?rest_route=\/wp\/v2\/pages\/288\/revisions"}],"predecessor-version":[{"id":387,"href":"https:\/\/www.diegocamacho.es\/index.php?rest_route=\/wp\/v2\/pages\/288\/revisions\/387"}],"wp:featuredmedia":[{"embeddable":true,"href":"https:\/\/www.diegocamacho.es\/index.php?rest_route=\/wp\/v2\/media\/291"}],"wp:attachment":[{"href":"https:\/\/www.diegocamacho.es\/index.php?rest_route=%2Fwp%2Fv2%2Fmedia&parent=288"}],"curies":[{"name":"wp","href":"https:\/\/api.w.org\/{rel}","templated":true}]}}