{"id":7,"date":"2013-01-12T13:29:02","date_gmt":"2013-01-12T13:29:02","guid":{"rendered":"http:\/\/localhost\/?page_id=7"},"modified":"2023-05-25T07:22:20","modified_gmt":"2023-05-25T07:22:20","slug":"adultos","status":"publish","type":"page","link":"https:\/\/www.diegocamacho.es\/?page_id=7","title":{"rendered":"Padres y madres"},"content":{"rendered":"\n<p>Siempre habr\u00e1 un gran espacio para los padres y las madres que quieran unirse a m\u00ed en la mejora de sus j\u00f3venes deportistas.<\/p>\n\n\n\n<p>Vosotros, padres y madres, sois el pilar fundamental para ellos, sois la clave para que ellos sigan disfrutando del jugar al f\u00fatbol y, sobre todo, de disfrutar al mismo tiempo que realizan un gran esfuerzo para mejorar. Y eso no es nada f\u00e1cil conseguirlo.<\/p>\n\n\n\n<p>Enhorabuena porque lo est\u00e1is haciendo muy bien. Seguid as\u00ed.<\/p>\n\n\n\n<!--more-->\n\n\n\n<p>Vosotros les est\u00e1is apoyando. Todo el tiempo. Siempre. Nadie sabe el enorme esfuerzo que hac\u00e9is. Yo he vivido esa experiencia con mi padre, mi madre y mi hermana, quien incontables veces me esperaba en el and\u00e9n de la estaci\u00f3n a que yo llegara del colegio para intercambiar las mochilas. Yo le daba la del colegio, llena de libros, y ellas, mi madre o mi hermana, me daba la del entrenamiento, con mi ropa para entrenar y mis botas. Y todo eso, sin bajarme del tren. Ahora valoro su incre\u00edble esfuerzo.<\/p>\n\n\n\n<p>O el esfuerzo de mi padre, por supuesto, llev\u00e1ndome a entrenar todos los d\u00edas, sin excepci\u00f3n, sin perderse un solo entrenamiento, lloviese o nevase. Ahora, valoro el enorme esfuerzo que hac\u00eda.<\/p>\n\n\n\n<p>O mi madre, ayudando a mi hermana con la mochila y, por supuesto, buscando siempre un suplemento energ\u00e9tico que me ayudara a estar f\u00edsicamente bien durante el entrenamiento despu\u00e9s de la larga jornada escolar. Ahora es cuando realmente valoro todo eso. Y ellos, vuestros hijos e hijas, lo har\u00e1n tambi\u00e9n. Seguro.<\/p>\n\n\n\n<p>Esta opci\u00f3n de entrenar conmigo que os estoy dando a todos vosotros, padres y madres, tiene un par de objetivos claros para conseguir: Un <strong>objetivo te\u00f3rico<\/strong> y otro <strong>objetivo pr\u00e1ctico.<\/strong><\/p>\n\n\n\n<ol class=\"wp-block-list\">\n<li><strong><span style=\"color: #ff0000;\">LA TEOR\u00cdA.<\/span><\/strong>\n<ol class=\"wp-block-list\">\n<li>Entender la mentalidad del joven o de la joven futbolista tiene. Entender las emociones que el juego y la competici\u00f3n puede generar en \u00e9l o en ella.<\/li>\n\n\n\n<li>Mostrar la manera en la que yo entiendo el juego como entrenador y como ex futbolista profesional al m\u00e1s alto nivel. Esto estar\u00eda basado en charlas sobre c\u00f3mo mejorar la t\u00e9cnica,y\/o c\u00f3mo ampliar nuestros conocimientos b\u00e1sicos t\u00e1cticos.<\/li>\n\n\n\n<li>Mejorar la mentalidad de nuestros hijos e hijas para prepararles paa competir.<\/li>\n<\/ol>\n<\/li>\n\n\n\n<li><strong><span style=\"color: #ff0000;\">LA PR\u00c1CTICA.<\/span><\/strong>\n<ol class=\"wp-block-list\">\n<li>Entender la teor\u00eda para aplicarla en la pr\u00e1ctica. Las sesiones de entrenamiento se realizar\u00e1n en un campo de entrenamiento, focalizando el trabajo en lo que vosotros, como padres, quer\u00e1is mejorar:\n<ol class=\"wp-block-list\">\n<li>Vuestra t\u00e9cnica (pases, tiros, conducciones, regates)<\/li>\n\n\n\n<li>Vuestra condici\u00f3n f\u00edsica.<\/li>\n\n\n\n<li>Jugar y pasar un tiempo divertido y entretenido mientras aprendemos c\u00f3mo competir en este deporte.<\/li>\n<\/ol>\n<\/li>\n<\/ol>\n<\/li>\n<\/ol>\n\n\n\n<p>Por supuesto, todas las sesiones te\u00f3ricas se realizar\u00e1n en un lugar apropiado para ello. Desde mi humilde punto de vista, entender la teor\u00eda y ser capaz de aplicarla en el campo durante la competici\u00f3n, es la mejor manera y el mejor camino para ayudar a vuestros j\u00f3venes deportistas.<\/p>\n\n\n\n<p>Todas las sesiones pr\u00e1cticas se realizar\u00e1n en el campo de entrenamiento. Diferentes ejercicios y variadas tareas ser\u00e1n la base de nuestros&nbsp; entrenamientos finalizando con un peque\u00f1o partido reducido para aplicar toda la teor\u00eda que aprendamos en las clases y durante esa misma sesi\u00f3n de entrenamiento.<\/p>\n","protected":false},"excerpt":{"rendered":"<p>Siempre habr\u00e1 un gran espacio para los padres y las madres que quieran unirse a m\u00ed en la mejora de sus j\u00f3venes deportistas. Vosotros, padres y madres, sois el pilar fundamental para ellos, sois la clave para que ellos sigan disfrutando del jugar al f\u00fatbol y, sobre todo, de disfrutar al mismo tiempo que realizan [&hellip;]<\/p>\n","protected":false},"author":1,"featured_media":377,"parent":0,"menu_order":0,"comment_status":"closed","ping_status":"open","template":"page-full.php","meta":{"footnotes":""},"class_list":["post-7","page","type-page","status-publish","has-post-thumbnail","hentry"],"_links":{"self":[{"href":"https:\/\/www.diegocamacho.es\/index.php?rest_route=\/wp\/v2\/pages\/7","targetHints":{"allow":["GET"]}}],"collection":[{"href":"https:\/\/www.diegocamacho.es\/index.php?rest_route=\/wp\/v2\/pages"}],"about":[{"href":"https:\/\/www.diegocamacho.es\/index.php?rest_route=\/wp\/v2\/types\/page"}],"author":[{"embeddable":true,"href":"https:\/\/www.diegocamacho.es\/index.php?rest_route=\/wp\/v2\/users\/1"}],"replies":[{"embeddable":true,"href":"https:\/\/www.diegocamacho.es\/index.php?rest_route=%2Fwp%2Fv2%2Fcomments&post=7"}],"version-history":[{"count":26,"href":"https:\/\/www.diegocamacho.es\/index.php?rest_route=\/wp\/v2\/pages\/7\/revisions"}],"predecessor-version":[{"id":407,"href":"https:\/\/www.diegocamacho.es\/index.php?rest_route=\/wp\/v2\/pages\/7\/revisions\/407"}],"wp:featuredmedia":[{"embeddable":true,"href":"https:\/\/www.diegocamacho.es\/index.php?rest_route=\/wp\/v2\/media\/377"}],"wp:attachment":[{"href":"https:\/\/www.diegocamacho.es\/index.php?rest_route=%2Fwp%2Fv2%2Fmedia&parent=7"}],"curies":[{"name":"wp","href":"https:\/\/api.w.org\/{rel}","templated":true}]}}